 -17 - (0 - -7) - -48).
-48
Calculate 7 + 17 + (17 + -5 - 11).
25
-12 + 2 - (9 - (-33 + 1))
-51
What is 20 - ((-16 - -23) + -4 + -12 + -1 + -3)?
33
Evaluate 15 + (14 - 9 - 9 - 11).
0
Calculate -244 + 177 + 60 + (-3 - -1).
-9
What is -12 + (3 - 38) + (15 - -12)?
-20
What is 75 + -5 + 10 + -8 + (-15 - (2 + -7))?
62
Evaluate -51 - (0 - (-3 - ((17 - 12) + -13))).
-46
Calculate -1 - 3 - ((-1 - -3) + (17 - (18 - 11))).
-16
What is the value of 1 + -1 + -116 + 138 + -41?
-19
What is the value of (-10 - (2 + -6)) + 58 + -9?
43
What is 36 + -69 + -27 + 69?
9
-112 - (71 - (379 - 135))
61
-52 + -5 + 40 + -31
-48
What is -65 + 51 + 78 + -22?
42
What is the value of -92 + -11 + 47 - -76?
20
Calculate -7 - 0 - ((13 - 22) + (0 - (7 - -9))).
18
28 - ((5 - (18 + -23)) + 3)
15
Calculate 3 - 12 - (14 + 3 + (141 - 284)).
117
-27 + (85 + -130 - -97)
25
Calculate (23 + -20 - 15) + 1 + -31.
-42
Calculate 31 - (23 + 46 - 50).
12
What is the value of -42 + -11 + (39 - 89)?
-103
24 + (8 - 107 - -42)
-33
What is the value of -4 - (-37 + (6 - -11) - 16)?
32
Evaluate (-4 - -52 - -1) + (-58 - (33 - 76)).
34
(-12 - (17 + 4) - -21) + (39 - 2)
25
Calculate -13 + -2 + (74 - -38 - -37).
134
What is -50 - 1 - (9 + -131)?
71
-10 + (-2 + -3 - 29) + -23
-67
What is -25 + -1 + (160 - 142) + -14?
-22
What is 26 - 33 - (-5 - (4 + -17 + 4))?
-11
Evaluate -8 + 2 + (-1 - -2) - (-333 + 333).
-5
What is 9 + 0 + -76 + 62 + (-22 - -9)?
-18
Calculate (18 - -77) + -20 + 1 + 0 + 8.
84
What is 23 + -1 + (7 - (6 + (0 - 3)))?
26
What is the value of -1 + 52 - ((81 - 82) + -28)?
80
Calculate 99 - 1 - (-13 + (17 + -15 - -36 - 23)).
96
Evaluate -15 - (-1576 + 1537 - (62 - 2)).
84
What is the value of -122 - 6 - -22 - (24 - 34)?
-96
(-11 - (-2 - -2)) + 49 + -26 + -8
4
Evaluate 683 + -589 - (-14 - 5).
113
What is 33 - (-32 + 132 + -120)?
53
Evaluate (-8 - 0) + (1825 - 1801) - (70 - -3).
-57
What is (6 - 0) + (-43 + -69 - -75)?
-31
Calculate -1 + (-2 - -25) + (228 - 222).
28
What is 26 + 25 + -60 + 20?
11
Calculate 10 + 10 + (3 - (14 - -1)) - (-1 + -69).
78
Evaluate 20 - (-2 + 11 - (64 - 50 - -10)).
35
What is -87 + 106 - ((-6 - -17) + 6) - -47?
49
Evaluate -151 + (107 - (-25 - -67)).
-86
What is the value of -69 + 28 + 79 + 2?
40
Evaluate -25 - (7 + -7) - ((0 - -4) + (69 - 68)).
-30
-11 + (41 - (-22 + 81))
-29
Evaluate -4643 + 4647 + 2 + 0 + 15 + 0.
21
0 - 4 - 25 - (10 + (4 - (-12 + 26)))
-29
Calculate (0 - 5) + -147 + 197 - 3.
42
What is (53 - (-17 - -29)) + (-32 - -30) + 1 + 9?
49
5 + (-49 - -7) - 1 - (-55 + 61)
-44
Evaluate 4 - (-11 - (5 + -8) - 44).
56
Calculate (-1 - (5 - ((12 - -3) + -13))) + -27.
-31
Calculate (112 - -6) + (-1567 - -1495).
46
Calculate -11 - 1 - (-12 - (13 - (-2 - -16))).
-1
Evaluate (23 - (-38 + 70)) + (11 - (0 + -1)) + -47.
-44
Calculate -30 - ((101 - 44) + -96).
9
Evaluate 70 - (2 + -5 + -5 + (4 - -14)) - 4.
56
What is -20 + 599 + -526 + 3 + -4 + 13?
65
Evaluate 1 - (-4 + (5 - (15 + -28))).
-13
What is -1 - (50 + -1 - (-116 - -128))?
-38
(8 - -1) + 589 + -530 + -2 + -8 + -3
55
What is the value of 1 + (2 - 1) + (89 - 70) + -129?
-108
(6 - 25) + -8 + -16
-43
Evaluate -15 - (-139 + 74) - (-2 - -24).
28
Evaluate (5 - -6 - (-30 + (-4 - -5))) + -12.
28
What is the value of -125 + -9 - -13 - 21 - (2 + 5) - -9?
-140
116 - ((-23 - -45) + -13 + 17 + -12)
102
Evaluate 33 - (-30 - (-131 + 173)).
105
What is 2233 + -2289 - (1 - 54)?
-3
What is the value of 0 + (0 - 3) + -331 + (340 - 4)?
2
13 - ((14 + 1 - (27 + -6 + -13)) + -29)
35
What is -20 + -1 + -7 - (22 + -13)?
-37
(-12 - -9 - (-16 - -5)) + 4 + -2 + 80
90
What is the value of -53 + (-60 - -29) + (4 - -16) - 0?
-64
Evaluate -59 + -1 - (-9 + 11) - (-6 + 4 - 11).
-49
What is the value of 47 + (-66 - -54 - 29)?
6
Calculate (4 - -24) + 1 + 1 - (-2326 - -2312).
44
Evaluate -59 + (1 + -5 - 11 - (-50 + 21)).
-45
(-3 - (-74 + 143)) + -7 + 0
-79
Evaluate 2 - (-2 + 3) - (21 + (-39 - -162)).
-143
(8 - (-8 + -13 - -9) - -15) + (-3 - 6)
26
What is 9 - (-13 + 31) - (-6 - -3) - -5 - 22?
-23
49 + 6 + -49 + (-4 - -6 - 12)
-4
What is the value of -94 + (-61 + (46 - 8) - 4)?
-121
74 - -1 - ((64 - 154) + 67)
98
What is the value of 0 - -38 - (6717 + -6595)?
-84
Evaluate 62 + -29 + -85 - (33 - 24).
-61
4 + 63 + -1174 + 1190
83
Evaluate (83 - 77) + 4 + -1 + 2 + (35 - 111).
-65
What is the value of -4 + -26 + 9 - 33?
-54
Evaluate -3 + 92 + (4 - 3) + (-83 - (-47 + -49)).
103
What is the value of (-36 + 32 - 7) + (-3 - (2 + 17))?
-33
Calculate 50 - (-2052 + 1982 - (14 + -1)).
133
Evaluate -68 - (37 + -50 + -23).
-32
Calculate 7 + -7 - -34 - (236 + -245).
43
Calculate 3 + 0 - (45 + 2 + 117 + -129).
-32
25 + (-23 + 18 - (7 + -2 + -2) - -13)
30
What is the value of -5 + 10 + (0 - (-16 - (2 - 13)))?
10
What is the value of 4542 + -4573 - (-57 + 0)?
26
What is (-34 - 8) + (-232 - -254)?
-20
Calculate 11 - (17 + (-19 + 7 - (-7 - 8))).
-9
Calculate (-12 - 20) + (-48 - -51) + 108 - (-12 - -1).
90
Calculate 46 + 80 - 156 - -141.
111
Evaluate (2 - -4) + -32 + (-101 - -27).
-100
2 + (-234 - (-160 + 52))
-124
(76 - (-110 + 65)) + -56
65
Evaluate (-2 - (0 + -10)) + (1 - (-99 - -44 - -41)).
23
2 - 11 - (5 + -22 + -16 + (15 - 108))
117
What is the value of (-3 - -17) + (-37 + 26 - -54) - (-1 - -4)?
54
Calculate -6 + (17 + 5 - 10) + 17.
23
Calculate -2 - (-47 + 41 + -20).
24
-31 - (-18 - -40 - (-1 - 14))
-68
Calculate 50 + -58 + 47 + -7 - (-5 - 0 - -1).
36
What is the value of -62 - (24 + 51 - 48)?
-89
Evaluate 56 - (43 + -10 - 2 - 20).
45
-4 + 82 + (-4 - -27) + 5
106
Evaluate (-43 - 3) + 93 - 13.
34
Evaluate -5 + (-32 - -13) + 10 + -6.
-20
Evaluate -577 - -524 - (-7 - (2 + -11)).
-55
What is -28 - -38 - (-4 + 23 + -10 + -79)?
80
Evaluate (51 - 69 - (-15 - -4)) + -6.
-13
(0 - -1) + -9 + 29 + (-12 - 10) + -42
-43
(-22 + -8 + 19 - -1) + (-11 - -4)
-17
What is the value of -19 - (-142 + -3 + (144 + -62 - 58))?
102
Calculate 117 + 68 + (-91 - 48).
46
What is -11 - (26 + -61 - -87)?
-63
Calculate -34 - -10 - -43 - 22 - 14.
-17
157 - (181 - (25 + 54))
55
Calculate -2 + 26 + 0 + -3 + (-19 + 9 - -3).
14
Evaluate 0 - -14 - ((112 - (-32 + 14 + 18)) + -7).
-91
Calculate -51 - ((7 + 27 - 23) + -44).
-18
Calculate 8 + 90 - (-26 - -18 - -38 - 25).
93
Evaluate -107 - (29 + (81 - 159)).
-58
Evaluate 76 - ((214 - 123) + 113).
-128
Calculate 8 + -14 + -7 + 15 + 51.
53
-3 - -22 - (52 + (-14 - 5))
-14
Evaluate -1 + 58 - ((-2 - -24) + 1 + 18 + -38).
54
What is the value of (12 - 19 - 21 - 0) + (-9 - -1)?
-36
4 - ((4 + 17 - 1) + -6)
-10
Evaluate -72 - (29 - 1 - 1 - 15).
-84
2 + -10 + (15 - (11 + -4 + (-42 - 6)))
48
What is the value of 11 - -2 - (2577 - 2498)?
-66
Evaluate 2 + 24 + (-11 - -17) + 10 + -1.
41
-571 + 564 + (1 - -6) + -5 + 1 + -96
-100
What is the value of (-3 - ((-7 + 7 - -2) + 6)) + -72 + 108?
25
What is the value of (6 + (-168 - (9 - 21)) - -19) + 20?
-111
Calculate (-6 - (1 - (12 + 3)) - 11) + -4.
-7
What is the value of 204 + -114 - (12 - (-8 - -10) - 12)?
92
Calculate (36 + -29 - -36) + -5.
38
1 + (5 - 78) - (-3 - ((5 - 12) + 5))
-71
What is (36 - (47 - 22)) + -17?
-6
Calculate 13 - (0 - -105 - (29 + -43 + -3)).
-109
Calculate 18 + -32 + 28 + -6 + -32.
-24
Calculate -19 + (70 - (-7 - 9)) + -11.
56
What is -7 + (-34 - 3 - (2 - 41 - -20))?
-25
What is -40 + 35 + 34 - 42?
-13
Calculate -52 - (4 - (8 - (11 - 23))).
-36
Calculate -39 - -104 - (251 - 148).
-38
What is the value of (-3 - -28 - 10) + (33 - (-46 + 24))?
70
What is the value of 114 - 126 - ((3 - -1) + (-14 + 13 - 11))?
-4
What is 10 + (3 - 3 - 7 - -8) + -5 + -81?
-75
What is (-167 - -156 - 26) + (-9 - -1)?
-45
51 + 32 + -171 + 57
-31
What is 32 + (16 - 28 - -4 - -4)?
28
Evaluate 11 - (-14 + (5 - -7) + (-43 - -9)).
47
(256 - 335) + (30 - 6)
-55
Calculate (-2 - 2) + (686 - 721).
-39
30 - (-50 - (5 + -43) - (2 + -27))
17
Calculate 961 + -1043 + 0 + 0 + 2 + 18.
-62
Calculate 50 + (-10 - (9 - (31 + (10 - 5 - 14)))).
53
What is -11 + (10 - (-8 + 14)) + 0 + -45?
-52
Calculate 17 - (-11 + (3 + 46 + -9 - -18)).
-30
Calculate -72 + (7 - -62) + 65.
62
What is 52 + 0 + -5 + 28 + -14 + 0 + -15?
46
90 + (-6 + 5 - (18 - 11) - -14)
96
Calculate -40 - (5 + 1) - (2 + -22 - -25).
-51
What is the value of 54 - (-5 + 35 + 60)?
-36
What is the value of 351 + -340 + 2 + (-143 - -2) + (-16 - -32)?
-112
Calculate -41 + 58 + (-30 - 42).
-5